5))/((-4)/66). Suppose g = 10 + p. What is the remainder when 62 is divided by g?
20
Calculate the remainder when -3 + 11/(11/42) is divided by 21.
18
Let i = 5 - 1. Suppose 5*d + 16 = -4, -180 = -4*x + i*d. Let f(u) = u**2 - 5*u. What is the remainder when x is divided by f(7)?
13
Let k(a) = a**3 - a**2 - 3. Let i be k(0). Let u = i - -4. Let j(z) = 16*z**3 - z**2 + 2*z - 1. Calculate the remainder when 47 is divided by j(u).
15
Let p(z) = -z - 5. Let j be p(-6). What is the remainder when 55 is divided by j*14*(0 - -1)?
13
Suppose 2*k - 3*k = 6. Let s(o) = 2*o**2 + 9*o + 1. What is the remainder when s(k) is divided by 10?
9
Let g be (-5)/10 + 3/6. Suppose 5*f = -3*b + 25, -2*f - 12 = -b - g*f. Calculate the remainder when 19 is divided by b.
9
Suppose -5*a - 3*r = -119, a - 56 = -a + 3*r. Suppose 2*c - 2*p + 60 = 0, 2 - 47 = 2*c + 3*p. Let v = -14 - c. Calculate the remainder when a is divided by v.
12
Calculate the remainder when 8 is divided by (2/2)/(14/56).
0
Suppose -g + 3*b = -13, 6*b - 127 = -4*g + 3*b. Let f = 5 + g. What is the remainder when f is divided by 9?
6
Suppose -4*q + 9 = -w, -3*q + 30 = 2*q - 5*w. Let a(m) = m**3 - 7*m**2 + m - 7. Let v be a(7). Suppose v = l - q. What is the remainder when 2 is divided by l?
0
Suppose 0*b + 5*b - 195 = 0. Calculate the remainder when b is divided by ((-10)/(-7))/(4/28).
9
Suppose -11*z = 3*z - 308. What is the remainder when 40 is divided by z?
18
Let s(t) = t**2 - 10*t - 27. Calculate the remainder when 20 is divided by s(13).
8
Let b = 10 - 9. Suppose 3*s + 11 = 4*x, 0*x - 3*s - b = x. What is the remainder when (-70)/(-15)*6/4 is divided by x?
1
Let d = 29 - -4. Let r = d + -11. What is the remainder when r is divided by 6?
4
Suppose -2*h = 10 - 24. Suppose -5*w + 11 = -4*w + 2*b, 0 = -2*w + 4*b + 46. Suppose -w - 3 = -5*d. Calculate the remainder when h is divided by d.
3
Let w(g) = 2*g**2 + 0*g**2 + 0*g + g - 2 + 5*g**3. Let l be w(-2). Calculate the remainder when 34 is divided by 14/(-3)*l/14.
10
Let m = 29 + -20. Calculate the remainder when 33 is divided by m.
6
Suppose 0 = 72*c - 65*c - 112. What is the remainder when 58 is divided by c?
10
Suppose -6*c + 0*c = -18. Calculate the remainder when 9 is divided by c.
0
Calculate the remainder when -8*(139/(-10) + (-2)/(-5)) is divided by 10.
8
Let l = 30 - 19. What is the remainder when 18 is divided by l?
7
Let d = 0 + 10. Suppose -2*l + d = 3*g, 11 = 4*g - 5*l - 10. Suppose g*x + 24 - 1 = m, 4*m - x = 137. What is the remainder when m is divided by 12?
11
Suppose 4*c - 12 = -3*o - o, 0 = 3*c - o + 3. Suppose 5*w - 43 - 27 = c. What is the remainder when w is divided by 4?
2
Let r(t) = 7*t - 1. Suppose 2*s + 6 = -4, -5*y + 3*s = -25. What is the remainder when r(y) is divided by 8?
5
Let u(t) = -t**2 - 6*t + 1. Let d be u(-5). Suppose 0 = 2*v - 8 - d. Calculate the remainder when 20 is divided by v.
6
Suppose -x = -3*s + 15, 5*x + 3*s - 5*s = -36. Let t(h) = 2*h**2 + 6*h - 1. Calculate the remainder when t(x) is divided by 9.
8
Let u(v) = v**2 - 5*v + 11. Let i(p) = p**2 - p + 1. What is the remainder when u(5) is divided by i(-2)?
4
Let t(m) = -5*m**2 + 3. Let l(i) = -14*i**2 + 9. Let j(b) = 6*l(b) - 17*t(b). What is the remainder when j(5) is divided by 10?
8
Suppose 8 = 3*u - 1. Suppose p + 3*d = 2*d + 2, 2 = -p - u*d. What is the remainder when 11 is divided by p?
3
Suppose -3*j - j = -164. Let b = -10 - -14. What is the remainder when j is divided by 3/(b/((-56)/(-3)))?
13
Let y(i) = i - 6. Let x be y(12). Calculate the remainder when ((-55)/10)/((-1)/x) is divided by 12.
9
Suppose 5*d = 28 + 22. Calculate the remainder when ((-8)/(-5))/((-2)/(-35)) is divided by 4*1*d/4.
8
Suppose 114 = 5*l + 3*a, 4*l + 0*a = a + 81. Calculate the remainder when l is divided by 3.
0
Let g be -4 + 5 - (1 + -2). Suppose 4 = -g*a + 26. Calculate the remainder when 20 is divided by a.
9
Let a = 43 - 17. Calculate the remainder when 70 is divided by a.
18
What is the remainder when 44 is divided by -15*2*(-17)/34?
14
Suppose -t - 1 = -4*f, -2*t - f + 0 = -7. What is the remainder when 1 is divided by 1 - (2 - (5 - t))?
0
Let l(k) = -16*k. Suppose 2*m - 2*q + 8 = 0, 3*m - 4*q + 7 = -8. What is the remainder when l(m) is divided by (24/10)/((-6)/(-15))?
4
Let g(o) = -3*o - 9. Calculate the remainder when 50 is divided by g(-9).
14
Let f be ((-3)/2*-2)/1. Suppose -l = -f - 2. Suppose 2*k + 42 = 5*a, 4*k + 44 = -5*a + 10*a. What is the remainder when a is divided by l?
3
Let j = -13 + 21. Suppose -2*z - 144 = 2*z. Let t = z + 65. Calculate the remainder when t is divided by j.
5
Let n(i) = i**2 + 5*i + 7. Let o = -4 + 9. Let t = 21 + o. Calculate the remainder when t is divided by n(-5).
5
Let i(h) = 11*h**2 - 5*h - 9. Calculate the remainder when 177 is divided by i(-2).
42
Suppose -x + 3*b + 11 = 0, 3*b + 28 = 5*x + 9. Suppose -3*n = x*n - 110. What is the remainder when n is divided by 12?
10
Calculate the remainder when -3 - (2 - 1) - -15 is divided by 7.
4
Let n(g) = 3*g - 5. What is the remainder when 7 is divided by n(3)?
3
Let y = -14 - -24. Let u(k) = k**3 - 6*k**2 + 7*k + 2. Let q be u(5). Let h = q + -6. Calculate the remainder when y is divided by h.
4
Suppose 0 = 4*r + 13 + 19. Let p be (-3)/2*r/3. Calculate the remainder when (-16)/(((-8)/3)/p) is divided by 9.
6
Let a = -7 + 11. Suppose 0 = 2*y - 2*w - 44, -5*w = -a*y - 0*y + 86. Suppose -u + 34 = 2*u + i, 3*i = -2*u + 11. Calculate the remainder when y is divided by u.
11
Let n = -24 - -58. Suppose -4*y = n - 2. Let v = y + 25. What is the remainder when v is divided by 9?
8
Suppose 2*n = -4*t + 136, t + 5*n - 1 = 51. Calculate the remainder when 95 is divided by t.
31
Let r = 1 + 5. Suppose -v = v - r. Suppose 8 = -k - v*k, 62 = 4*l - 3*k. Calculate the remainder when l is divided by 5.
4
Let z(h) = -3*h + 1. Let u(l) = -l - 3. Let a(w) = -6*w - 16. Let m(x) = 2*a(x) - 11*u(x). What is the remainder when z(-3) is divided by m(-3)?
2
Let o(n) = -n**2 + 3*n + 14. Calculate the remainder when 31 is divided by o(0).
3
Suppose -2*f - 3*n = -26, -n = -0*f - f + 23. Suppose -2*b + 33 = 2*b - v, -3*b - 5*v = -f. Calculate the remainder when 23 is divided by b.
7
Let r = -12 - -27. Suppose -4*k + 0*k - 5*g = -101, -5*k = -g - 148. Calculate the remainder when k is divided by r.
14
Let z(h) = -h**3 - 13*h**2 - 5*h - 19. Let n be z(-13). Let c be (1/(-2)*-6)/1. Suppose -c*v + 77 = -n. What is the remainder when v is divided by 14?
13
Let o(q) = 7*q - 1. Let a be o(1). Suppose -27 = -3*h + a. What is the remainder when 31 is divided by h?
9
Suppose 2*t - 2*v - v + 6 = 0, 2*t = 2*v - 4. Suppose 4*k - 89 + 9 = t. Calculate the remainder when 57 is divided by k.
17
Let v be -3*(-3)/18*4. Suppose v*b = 34 + 24. What is the remainder when b is divided by 10?
9
Let s = -11 - -16. Suppose 0 = r + r - 38. What is the remainder when r is divided by s?
4
Suppose -2 - 1 = -3*a. Let r be 0 - (-84 + a - 3). Suppose -2*p + 2*m + 48 = 0, 3*m + r = 4*p + m. Calculate the remainder when p is divided by 5.
4
Suppose w + 112 = 136. Calculate the remainder when w is divided by 5.
4
Let h = -2 + 7. Calculate the remainder when 21 is divided by -6 + 15 + h + -2.
9
Suppose -2*f + 5*c = -3*f + 19, -5*f = c - 119. Calculate the remainder when 71 is divided by f.
23
Suppose -5*a + 21 = 3*q, q - 5*q = -5*a + 7. Suppose a*w - 49 = 17. What is the remainder when 63 is divided by w?
19
Suppose -2*g = 3*x - g + 14, -4*x - 3*g - 12 = 0. What is the remainder when 21 is divided by (x/(-18))/(1/33)?
10
Let q be (-124)/7 + 2/(-7). Calculate the remainder when 34/(3 + -2) + 3 is divided by 4/q - 119/(-9).
11
Let g = -12 + 20. Suppose 5*l + k = -k + 21, 5*k = 5*l. Calculate the remainder when g is divided by l.
2
Calculate the remainder when 13 + 8*(-1)/(-4) is divided by 7.
1
Let g = 16 - 27. Suppose -3*y + 95 = 5*w, 7 + 13 = 4*y. Let b = g + w. What is the remainder when b is divided by 2?
1
Let a(j) = j**3 - 4*j**2 + 5*j - 4. Let u be a(3). Let f(k) = 7 - 21 + k + k**2 + 13. What is the remainder when 9 is divided by f(u)?
4
What is the remainder when (25/70*8)/(1/7) is divided by 7?
6
Let c(l) = 14*l + 89. What is the remainder when 7 is divided by c(-6)?
2
Let w(p) = 10*p. Let h be w(-1). Calculate the remainder when 6 i